nd 5006152.
109
What is the greatest common divisor of 3728680 and 220?
20
Calculate the highest common divisor of 52226737 and 85.
17
What is the greatest common divisor of 30821520 and 40?
40
What is the highest common factor of 465257309 and 4148?
1037
Calculate the greatest common factor of 737249266 and 2946.
982
What is the highest common factor of 3153624 and 241794?
606
What is the highest common divisor of 15355 and 10439365?
185
Calculate the highest common divisor of 380 and 240907460.
380
Calculate the highest common factor of 5834871 and 41454.
441
Calculate the greatest common divisor of 598 and 794650.
46
What is the greatest common divisor of 177242 and 54808?
442
What is the greatest common factor of 300447 and 18088?
133
What is the greatest common factor of 4725 and 4309335?
135
Calculate the highest common factor of 35 and 210985.
5
What is the highest common divisor of 2430 and 4958790?
30
Calculate the highest common factor of 156 and 543151674.
78
What is the greatest common factor of 792 and 11115864?
72
What is the greatest common divisor of 1519 and 894593?
49
What is the highest common divisor of 41562 and 14985?
9
What is the highest common divisor of 718945 and 14045?
265
Calculate the highest common divisor of 686404 and 16956.
628
What is the highest common divisor of 194 and 25676191?
97
What is the greatest common factor of 561 and 72469980?
561
What is the greatest common divisor of 165 and 34772155?
55
What is the greatest common factor of 72 and 248601636?
36
What is the highest common divisor of 109 and 293024918?
109
What is the highest common factor of 7 and 27032404?
7
What is the highest common divisor of 255402 and 691614?
126
What is the highest common factor of 1459708 and 69788?
292
What is the greatest common factor of 24 and 51459280?
8
Calculate the highest common factor of 69259620 and 240.
60
What is the highest common factor of 750844 and 68?
4
What is the highest common divisor of 13008840 and 75361?
403
What is the greatest common factor of 2331457 and 843?
281
What is the highest common divisor of 59952 and 307408?
16
Calculate the greatest common factor of 10742968 and 24.
8
What is the greatest common divisor of 886226 and 47?
1
Calculate the highest common divisor of 448 and 622090.
14
What is the greatest common divisor of 1448009 and 15181?
323
What is the highest common divisor of 422142 and 348082?
7406
Calculate the highest common factor of 72 and 160239.
3
Calculate the highest common factor of 617778403 and 3062.
1531
What is the highest common divisor of 6037922 and 88?
22
What is the greatest common divisor of 6947388 and 15428?
532
Calculate the greatest common divisor of 419430 and 46365.
165
Calculate the highest common factor of 267582 and 1218.
42
Calculate the highest common factor of 60 and 35491310.
10
Calculate the greatest common divisor of 8431767 and 27.
9
What is the highest common divisor of 20643140 and 112?
28
Calculate the greatest common divisor of 528 and 48662280.
24
Calculate the highest common divisor of 836 and 5343756.
44
What is the highest common divisor of 88586700 and 852?
852
What is the highest common divisor of 386 and 66334?
2
Calculate the highest common divisor of 33 and 9355803.
3
What is the highest common factor of 12 and 75255900?
12
What is the greatest common factor of 4492 and 15880343?
1123
What is the greatest common factor of 3043024 and 72?
8
What is the highest common divisor of 113 and 95923?
1
Calculate the highest common divisor of 709 and 180561030.
709
What is the greatest common divisor of 156816 and 5010093?
891
What is the greatest common factor of 26568501 and 491?
491
What is the highest common divisor of 198 and 5666535?
9
Calculate the highest common factor of 47167600 and 2664.
296
What is the highest common factor of 1198632 and 5448?
24
Calculate the greatest common factor of 25812380 and 220.
220
Calculate the highest common divisor of 1007 and 27917783.
19
What is the highest common divisor of 609439 and 2279?
43
What is the highest common factor of 112 and 162721384?
56
What is the greatest common divisor of 1846 and 1573039?
13
What is the greatest common divisor of 370973 and 48?
1
Calculate the highest common factor of 16620964 and 2828.
404
Calculate the greatest common factor of 16650 and 27259380.
3330
What is the greatest common factor of 2835468 and 103806?
1422
Calculate the greatest common factor of 135216 and 24912.
144
Calculate the highest common divisor of 113839 and 1627637.
869
Calculate the greatest common divisor of 56395276 and 196.
196
Calculate the greatest common factor of 756095 and 20470990.
11285
What is the greatest common divisor of 12 and 41084666?
2
Calculate the greatest common factor of 846 and 525924642.
282
What is the greatest common factor of 389382 and 44238?
438
Calculate the greatest common divisor of 88 and 24732829.
11
Calculate the greatest common divisor of 175907 and 8370518.
3319
Calculate the highest common factor of 18476 and 626396.
596
What is the greatest common divisor of 6747 and 263926?
13
Calculate the greatest common divisor of 2 and 218049224.
2
What is the greatest common divisor of 1504 and 782875616?
1504
What is the highest common factor of 2792876793 and 21?
21
Calculate the greatest common factor of 7280 and 918320.
1040
What is the highest common factor of 530 and 8892870?
530
Calculate the greatest common factor of 372 and 71600514.
186
What is the greatest common factor of 2142 and 10747422?
126
What is the greatest common factor of 874 and 990262976?
874
Calculate the highest common divisor of 160732 and 796.
4
Calculate the greatest common factor of 85 and 7641415.
85
Calculate the highest common factor of 27437642 and 83.
83
Calculate the highest common factor of 6401 and 2919777744.
6401
Calculate the highest common factor of 293881109 and 8093.
8093
Calculate the highest common divisor of 3888820 and 4420.
260
Calculate the greatest common factor of 18 and 344690343.
9
What is the highest common factor of 1923439 and 35?
7
What is the highest common divisor of 2744 and 100328?
8
What is the greatest common divisor of 8652 and 55854016?
412
Calculate the highest common divisor of 220 and 113260.
20
Calculate the greatest common divisor of 2178 and 2763640.
242
Calculate the greatest common factor of 116438 and 97104.
14
What is the highest common factor of 258 and 9325066?
86
Calculate the highest common divisor of 39 and 119392.
13
What is the greatest common divisor of 198528 and 320?
64
What is the greatest common factor of 15751 and 20444?
19
Calculate the greatest common divisor of 7040 and 14768160.
1760
Calculate the greatest common divisor of 62712513 and 207.
207
What is the highest common factor of 530933917 and 457?
457
What is the greatest common divisor of 913 and 2272125?
83
Calculate the greatest common factor of 1081 and 1055171.
23
What is the highest common factor of 7983 and 7930667?
887
Calculate the highest common divisor of 138 and 11293989.
69
What is the highest common divisor of 1070170 and 9270?
1030
What is the greatest common divisor of 2331333 and 13320?
333
What is the highest common factor of 9120 and 1866000?
240
Calculate the greatest common factor of 86136 and 370.
74
What is the highest common factor of 111243832 and 16?
8
Calculate the highest common divisor of 1014 and 35572810.
338
What is the highest common factor of 6141 and 3864736?
2047
Calculate the greatest common factor of 42662 and 412759.
83
Calculate the greatest common factor of 264 and 14234784.
24
What is the highest common divisor of 652485 and 1455?
15
What is the highest common divisor of 11219 and 198367?
13
What is the greatest common divisor of 105170 and 86563?
809
Calculate the highest common divisor of 92180286 and 836.
418
What is the greatest common factor of 1702278 and 15453?
153
What is the highest common divisor of 1611 and 3278922?
537
Calculate the greatest common factor of 192 and 33727488.
192
What is the greatest common factor of 2824 and 123511876?
1412
Calculate the highest common divisor of 3085784 and 936.
104
Calculate the greatest common divisor of 5012 and 160924043.
1253
Calculate the highest common factor of 1921537